0. Is a(3) composite?
False
Suppose 39*d - 548383 = 708236. Is d a prime number?
False
Suppose -6*s + 3*s + 3 = -3*a, -4*a + s + 8 = 0. Is 11*148 + (-15)/a composite?
True
Let d(j) = -j**3 - 9*j**2 + 7*j + 8. Let s be 5/((-3)/((-18)/(-2))). Is d(s) composite?
True
Let v = -11 - -16. Suppose 0 = -2*u + 3*r + 22, r = -v*u + 39 - 1. Suppose z - 25 = -3*t, 0 = 3*t - u*t - 2*z + 40. Is t a prime number?
False
Let o(u) = u**3 - 2*u**2 + u + 36253. Is o(0) a composite number?
True
Let g(r) = 46*r**2 + 33*r - 161. Is g(28) composite?
True
Suppose 1208090 = -95*z + 121*z. Is z prime?
False
Suppose 49*k + 92039 = 485950. Is k a prime number?
True
Suppose 0 = 4*x - 8*x + 16. Suppose -7*t + 3*t = x. Is -1 + (t - -504) + 3 prime?
False
Let q(i) = -6*i - 37. Let f be q(-17). Suppose -f - 40 = -3*l. Is l a prime number?
False
Suppose 2*m - 31 = -11. Suppose -22 = -4*u + 3*s, -s + m = 4*u - 4. Suppose 5*d - 554 = o, -2*d + u*o + 220 = 2*o. Is d composite?
True
Is (-20 - -5943)*3*3/9 a composite number?
False
Let a(f) be the first derivative of -f**4/4 + 4*f**3/3 + f**2/2 + 9*f - 14. Suppose 0 = -3*w - 3*p, 6*w - 2*w + 28 = 3*p. Is a(w) a composite number?
True
Suppose 5*o + 156 = 466. Let y = -10 + 12. Suppose -3*t + t - y*v + o = 0, -161 = -5*t - 3*v. Is t a composite number?
True
Let q = 1154 - -122. Suppose 79*a = 75*a + q. Is a a prime number?
False
Suppose 16 = 154*l - 152*l. Suppose 163 = -7*q + l*q. Is q a prime number?
True
Is -58*(-6)/(-24)*-178 a composite number?
True
Is 20654/(9*8/36) composite?
True
Let c be 4 - (-3 + -90) - 3. Suppose 2*z + 188 = 4*v + 7*z, -z + c = 2*v. Is v a composite number?
False
Suppose x - 4 = -0. Suppose 4*g = -4*z - 27 + 395, 311 = 3*g - x*z. Is g a prime number?
True
Let l(z) = -2*z + 415. Suppose 0 = 4*i - 4*i - 4*i. Is l(i) a prime number?
False
Let c(o) = 8*o**2 + o - 13. Suppose -4*a - 30 = -7*a. Is c(a) a composite number?
False
Let o(h) = 2*h + 3. Let c be o(-4). Suppose 4*u + 3*q + 4028 = -637, 4*u + 4690 = 2*q. Is 4/(-1) - c - u a prime number?
True
Let l = 26 - 22. Suppose 5*i + 8032 = 5*p + 337, -4*p = l*i - 6188. Is p a prime number?
True
Suppose 2*q + 3*q + 2*f = 21, -3*q - 5*f = -5. Suppose 83 = g + 4*y, 2*y - 5*y = q*g - 415. Is g a composite number?
False
Is 10*(-20885)/5*(-2)/4 a prime number?
False
Is (31818/30 - -1)*(-15)/(-6) a composite number?
True
Let t be (5/3 - 1) + (-24815)/(-15). Suppose 2*z - t = -3*z. Is z prime?
True
Let i be (-8 + 8)/(-1*1) - -2. Suppose 27 = i*k + 4*o - 119, 2*k - o = 141. Is k composite?
False
Let r(t) = t**3 - 8*t + 3. Let s be r(3). Let x = 18 - 34. Let c = s - x. Is c a composite number?
True
Suppose 146 = -4*f + 34. Is (-936)/f - (-9)/(-21) prime?
False
Is (18926/5)/((-5)/50*-4) prime?
True
Let k(u) = -u**2 + 13*u - 2. Let y(x) = -45*x**3 - x**2 - 2*x - 1. Let l be y(-1). Let p = l - 33. Is k(p) a prime number?
False
Let n = -43 - -41. Is (33/4)/((-76)/(-32) + n) a composite number?
True
Let k = -169 - -85. Let o = 167 + k. Is o prime?
True
Let j be 3*(-175)/15*2/(-5). Is (-12)/84 - (1 - 3026/j) a composite number?
True
Let d(z) = -4*z + 7. Let j(g) = -3*g + 6. Let u(f) = 4*d(f) - 6*j(f). Let t be u(5). Suppose 0 = -v + 2*v - 3*m - 40, -t*v - 4*m + 70 = 0. Is v a prime number?
True
Suppose 12*p = -16*p + 117124. Is p prime?
False
Suppose 4*b - 5*s - 14 = 0, 5*b - s - 26 = s. Suppose -b*x + 3*x = -795. Is x a composite number?
True
Suppose -3*x - 4*g = x - 8, -g = -x + 10. Suppose -86 = -2*y + 3*z, -x*y + 3*y + 3*z + 126 = 0. Let b = y + -3. Is b a prime number?
True
Suppose 7*p + 9792 = 55586. Is p composite?
True
Let z = -14 - -12. Let k = 0 - z. Is 90 + k/((-4)/(-6)) a composite number?
True
Is (-417)/(-12) - (-1)/(1 - -3) prime?
False
Let s(u) = -25*u + 2. Let m(w) = 51*w - 4. Suppose -2*r + 5*r = -15. Let d(v) = r*s(v) - 2*m(v). Is d(5) a composite number?
False
Suppose 2*v = 2*f - 14066, -4*v = -2*f - 6*v + 14066. Is f a prime number?
False
Suppose 2*s - 4947 = -s. Suppose -3*u + 4*w = -s, 3*u + 2*w = 900 + 737. Is u prime?
True
Let g be 2/13 - (-481)/169. Suppose -4*o + 211 + 108 = g*r, -2*o + 156 = -2*r. Let m = 210 - o. Is m composite?
False
Suppose 2*h + 4 = -3*j, -5*j - 2 = 4*h + 8. Suppose -3*l - b = -j*b - 606, -3*l - 5*b = -624. Is l a prime number?
False
Let w(m) = 6*m**2 + 14*m - 5. Let s(q) = -13*q**2 - 29*q + 11. Let p(r) = r + 12. Let z be p(-8). Let u(j) = z*s(j) + 9*w(j). Is u(-8) a prime number?
True
Suppose -8*a = 1413 - 6837. Suppose 4*k - 1264 = -g, -582 = -4*k - 2*g + a. Is k prime?
True
Let u be 1*-2 - 4/1. Let l be (1/3)/(0 - 4/36). Is ((-89)/l)/((-2)/u) composite?
False
Suppose -15 = -6*i + 93. Let r = 124 - i. Is r a composite number?
True
Let i = 7405 - -65592. Is i a composite number?
False
Suppose -3*q = 3*a - 18, a - 3*a + 3*q - 8 = 0. Let f be (-215 + a)*(-1)/3. Let w = 3 + f. Is w composite?
True
Let h(u) = u**3 - 13*u**2 + 11*u + 32. Let s(k) = k**3 - 14*k**2 + 10*k + 31. Let m(t) = 2*h(t) - 3*s(t). Is m(12) a prime number?
False
Let j(u) = -8*u**3 + 2*u**2 - 4*u + 1. Let m be j(-6). Suppose 0 = -3*d + 2*p - 0*p - m, 0 = 3*d + 5*p + 1811. Let n = 1104 + d. Is n a composite number?
True
Let o(l) = -68*l - 167 + 61 + 61 + 0*l + 56. Let j = 0 + -6. Is o(j) composite?
False
Let v be 1160/15*(-21)/(-4). Suppose -2*p + v = -0*p. Is p a prime number?
False
Let j be 10/((-32)/20 + 2). Suppose -3*d + 5*n = -4*d - 17, -3*d + 4*n + j = 0. Suppose d*h - 475 - 14 = 0. Is h composite?
False
Suppose -f = 2*f + 1008. Let y = 194 + f. Let d = y + 327. Is d composite?
True
Let t(w) = w**3 + 16*w**2 - 2*w + 19. Let j(z) = -z + 1. Let l(f) = -5*j(f) + t(f). Is l(-13) composite?
True
Let i(b) be the second derivative of 223*b**3/6 - 2*b**2 - 29*b. Is i(5) a prime number?
False
Let w be (-2)/(-6) - (0 + 145/(-15)). Let q(y) = 7*y**2 - 18*y + 1. Is q(w) a prime number?
True
Let g = 94 + -52. Let n = 10 - -7. Let l = g + n. Is l a composite number?
False
Let z = -5652 - -10673. Is z a composite number?
False
Suppose -4*k = 2*n - 7*k - 16933, -25392 = -3*n - 3*k. Is n prime?
False
Let z = 2 + -14. Suppose 0*i + 5 = 5*i. Is i*-223*12/z composite?
False
Suppose -16 = -2*l - 2*l + 4*a, 20 = 3*l + 5*a. Suppose 5*i - 6*i = h - 1355, 5*h - l*i = 6765. Is h composite?
True
Suppose 0 = -4*a - 9 + 25. Suppose -6*f - 3*z - 21 = -2*f, f + 2 = -a*z. Is ((-541)/(-2))/(f/(-12)) a prime number?
True
Suppose 8 + 3 = -4*p + 3*n, 3*n + 1 = -2*p. Let x be (-5)/p*(-32)/(-20). Suppose 0 = -x*j + 166 + 118. Is j a composite number?
False
Let t(a) = a**2 - 2*a - 9. Let r = 36 + -22. Let m be t(r). Is -1 + m + -2 + 3 a prime number?
False
Suppose -19*w + 6 = -17*w. Let a be (w + (-10)/3)*0. Is (a - (-3 - -2))*487 a prime number?
True
Let k(g) be the third derivative of -7*g**4/12 - g**3/6 + 6*g**2. Let s be k(-4). Suppose -p = -48 - s. Is p prime?
True
Suppose -5*j = -3*q + 22, -3*q + 10 = -q - j. Suppose -5*k - 4*n + 24 = -n, 8 = -q*n. Is 12/18 + 2258/k a prime number?
False
Suppose y = 2*x + 14, -y + 19 = -5*x - 13. Is 110/15*(-3 - x) a prime number?
False
Suppose -3*a - 1662 = -6*a. Suppose 2*o = -o + 6. Suppose -o*k - a = -4*k. Is k a prime number?
True
Let u = -38 - -62. Let k be 6/4 - (-2)/4. Suppose -194 + u = -k*y. Is y a composite number?
True
Let c be 6/(-27)*3*-3. Suppose l + c*j - 549 = -2*j, 4*l - 2224 = -2*j. Is l a prime number?
True
Let v = 1026 + 7717. Is v a prime number?
False
Let v(h) = -7*h**3 - 2*h**2 + 2*h - 1. Is v(-12) prime?
True
Suppose -5*l + 4*i = -31, 2*l = i - 0*i + 10. Let k be (2*1)/((-4)/(-74)). Is k*(l - 0)/3 prime?
True
Let r be ((-3)/(-6))/(8/7376). Let w = r - -1896. Is w composite?
False
Let g(z) = -5423*z + 152. Is g(-7) prime?
True
Let k be 2530/14 - 6/(-21). Suppose -31 + k = 6*m. Is m a prime number?
False
Let z(j) = -7*j**3 - 9*j**2 + 20*j + 19. Is z(-10) a prime number?
False
Let u be (-210)/(-13) - (-2)/(-13). Suppose 0 = -5*i + u + 4. Suppose k + 2*v - v - 83 = 0, 0 = i*v. Is k prime?
True
Let h(r) = r**3 + 3*r - 308. Let b be h(0). Let c = 435 + b. Is c a composite number?
False
Suppose -2*z + n - 2*n = -20, 48 = 4*z + 4*n. Is 17623/z - 10/(-80) a prime number?
True
Suppose -20 = -5*n - 0*n. Suppose 4*f + 4*u = 632, -2*u + 2 = -n. Is f composite?
True
Let s(v) = -v**3 + 6*v**2 + 8*v - 4. Let a be s(7). Suppose -a*z + 5923 = -50